
153
Calculate the remainder when 1797 is divided by 435.
57
What is the remainder when 21995 is divided by 33?
17
What is the remainder when 26048 is divided by 50?
48
Calculate the remainder when 123361 is divided by 3.
1
What is the remainder when 496748 is divided by 165581?
5
Calculate the remainder when 11003 is divided by 5490.
23
Calculate the remainder when 15328 is divided by 185.
158
Calculate the remainder when 3347 is divided by 1163.
1021
What is the remainder when 50377 is divided by 494?
483
Calculate the remainder when 218931 is divided by 890.
881
Calculate the remainder when 938 is divided by 2.
0
What is the remainder when 17918 is divided by 8951?
16
Calculate the remainder when 31836 is divided by 257.
225
Calculate the remainder when 90604 is divided by 487.
22
Calculate the remainder when 43967 is divided by 14653.
8
What is the remainder when 2303404 is divided by 1629?
1627
Calculate the remainder when 5646 is divided by 510.
36
What is the remainder when 47168 is divided by 43?
40
Calculate the remainder when 28063 is divided by 3936.
511
What is the remainder when 146293 is divided by 45?
43
What is the remainder when 4445 is divided by 3381?
1064
What is the remainder when 30647 is divided by 203?
197
What is the remainder when 82394 is divided by 206?
200
Calculate the remainder when 5381 is divided by 186.
173
What is the remainder when 8034 is divided by 222?
42
Calculate the remainder when 3582 is divided by 589.
48
Calculate the remainder when 505249 is divided by 7.
3
What is the remainder when 1770884 is divided by 667?
666
What is the remainder when 64531 is divided by 34?
33
Calculate the remainder when 6474 is divided by 106.
8
Calculate the remainder when 29304 is divided by 947.
894
Calculate the remainder when 81982 is divided by 27324.
10
What is the remainder when 34323 is divided by 4898?
37
Calculate the remainder when 47415 is divided by 71.
58
What is the remainder when 283982 is divided by 1105?
1102
What is the remainder when 484530 is divided by 161507?
9
Calculate the remainder when 69724 is divided by 444.
16
What is the remainder when 997 is divided by 774?
223
Calculate the remainder when 62178 is divided by 10.
8
Calculate the remainder when 10569 is divided by 35.
34
Calculate the remainder when 20511 is divided by 55.
51
What is the remainder when 246122 is divided by 82040?
2
What is the remainder when 12656 is divided by 14?
0
Calculate the remainder when 3508 is divided by 1725.
58
Calculate the remainder when 3749 is divided by 544.
485
What is the remainder when 2006 is divided by 326?
50
What is the remainder when 3437 is divided by 37?
33
What is the remainder when 32965 is divided by 187?
53
What is the remainder when 146323 is divided by 1807?
1763
Calculate the remainder when 130286 is divided by 48.
14
Calculate the remainder when 296437 is divided by 774.
769
Calculate the remainder when 433381 is divided by 1398.
1
Calculate the remainder when 554562 is divided by 110912.
2
Calculate the remainder when 3490 is divided by 60.
10
What is the remainder when 14459 is divided by 76?
19
What is the remainder when 17547 is divided by 242?
123
Calculate the remainder when 105624 is divided by 13.
12
What is the remainder when 21145 is divided by 5284?
9
What is the remainder when 22375 is divided by 936?
847
Calculate the remainder when 2191 is divided by 336.
175
Calculate the remainder when 12481 is divided by 4007.
460
What is the remainder when 4720 is divided by 1491?
247
Calculate the remainder when 14374 is divided by 82.
24
Calculate the remainder when 2320 is divided by 368.
112
What is the remainder when 24929 is divided by 5?
4
Calculate the remainder when 13915 is divided by 422.
411
Calculate the remainder when 2608119 is divided by 1717.
1713
Calculate the remainder when 4186 is divided by 2050.
86
Calculate the remainder when 2172 is divided by 291.
135
Calculate the remainder when 130596 is divided by 66.
48
Calculate the remainder when 891 is divided by 868.
23
What is the remainder when 1901 is divided by 458?
69
Calculate the remainder when 3025 is divided by 27.
1
What is the remainder when 3773 is divided by 135?
128
What is the remainder when 6224 is divided by 224?
176
What is the remainder when 3160 is divided by 389?
48
Calculate the remainder when 47284 is divided by 21.
13
Calculate the remainder when 168307 is divided by 990.
7
Calculate the remainder when 7676885 is divided by 1084.
1081
What is the remainder when 2483366 is divided by 131?
130
What is the remainder when 1921 is divided by 458?
89
What is the remainder when 245 is divided by 135?
110
What is the remainder when 676140 is divided by 7?
3
What is the remainder when 132106 is divided by 6?
4
Calculate the remainder when 597162 is divided by 15.
12
Calculate the remainder when 102019 is divided by 4858.
1
Calculate the remainder when 21677 is divided by 387.
5
What is the remainder when 38609 is divided by 7700?
109
Calculate the remainder when 279 is divided by 130.
19
What is the remainder when 169374 is divided by 234?
192
What is the remainder when 10738 is divided by 596?
10
What is the remainder when 1974220 is divided by 18?
16
Calculate the remainder when 25507 is divided by 2543.
77
What is the remainder when 1591 is divided by 87?
25
What is the remainder when 181509 is divided by 101?
12
Calculate the remainder when 16747 is divided by 22.
5
Calculate the remainder when 1556622 is divided by 359.
357
Calculate the remainder when 69624 is divided by 17331.
300
What is the remainder when 7939 is divided by 353?
173
What is the remainder when 332530 is divided by 12?
10
Calculate the remainder when 4030 is divided by 4021.
9
What is the remainder when 1257 is divided by 41?
27
What is the remainder when 1517908 is divided by 22?
18
What is the remainder when 6199 is divided by 540?
259
Calculate the remainder when 523045 is divided by 1516.
25
What is the remainder when 99967 is divided by 60?
7
Calculate the remainder when 128 is divided by 38.
14
Calculate the remainder when 15970 is divided by 101.
12
What is the remainder when 700829 is divided by 724?
721
What is the remainder when 8181 is divided by 7?
5
Calculate the remainder when 577 is divided by 89.
43
Calculate the remainder when 5179 is divided by 1041.
1015
What is the remainder when 133567 is divided by 15?
7
Calculate the remainder when 7417 is divided by 2273.
598
What is the remainder when 143673 is divided by 234?
231
What is the remainder when 59985 is divided by 61?
22
Calculate the remainder when 821 is divided by 15.
11
Calculate the remainder when 62939 is divided by 160.
59
What is the remainder when 124244 is divided by 299?
159
Calculate the remainder when 252318 is divided by 774.
768
What is the remainder when 4607 is divided by 25?
7
Calculate the remainder when 229288 is divided by 396.
4
What is the remainder when 1772 is divided by 248?
36
Calculate the remainder when 23779 is divided by 7899.
82
What is the remainder when 46037 is divided by 3288?
5
Calculate the remainder when 11178 is divided by 119.
111
What is the remainder when 16116 is divided by 1611?
6
Calculate the remainder when 7080 is divided by 323.
297
What is the remainder when 59787 is divided by 74?
69
Calculate the remainder when 274671 is divided by 7.
5
Calculate the remainder when 40649 is divided by 77.
70
What is the remainder when 2539166 is divided by 1928?
1918
Calculate the remainder when 86254 is divided by 51.
13
What is the remainder when 167707 is divided by 93?
28
What is the remainder when 376 is divided by 293?
83
Calculate the remainder when 134779 is divided by 602.
533
What is the remainder when 18605 is divided by 41?
32
Calculate the remainder when 103455 is divided by 4.
3
What is the remainder when 5663 is divided by 1886?
5
What is the remainder when 770728 is divided by 115?
113
What is the remainder when 4272 is divided by 62?
56
Calculate the remainder when 4559 is divided by 45.
14
What is the remainder when 471767 is divided by 2060?
27
What is the remainder when 7781 is divided by 2066?
1583
What is the remainder when 9004 is divided by 1265?
149
Calculate the remainder when 51597 is divided by 70.